4.194.193.179 - - [21/Dec/2025:11:50:06 +0100] "GET /404.php HTTP/1.1" 503 428 "https://www.yahoo.com/" "Mozilla/5.0 (iPad; CPU OS 17_0_3 like Mac OS X) AppleWebKit/605.1.15 (KHTML, like Gecko) Version/17.0.1 Mobile/15E148 Safari/604.1" "231.47.171.195,4.194.193.179"
cpanel.agorial.com:443 4.194.193.179 - - [21/Dec/2025:11:50:06 +0100] "GET /404.php HTTP/1.1" 503 428 "https://www.yahoo.com/" "Mozilla/5.0 (iPad; CPU OS 17_0_3 like Mac OS X) AppleWebKit/605.1.15 (KHTML, like Gecko) Version/17.0.1 Mobile/15E148 Safari/604.1"
20.89.193.50 - - [21/Dec/2025:11:50:06 +0100] "GET /wp-includes/Text HTTP/1.1" 200 37391 "https://www.bing.com/" "Mozilla/5.0 (Linux; Android 14; Pixel 8 Pro) AppleWebKit/537.36 (KHTML, like Gecko) Chrome/119.0.0.0 Mobile Safari/537.36" "190.111.129.30"
cpanel.volzano.com:443 20.89.193.50 - - [21/Dec/2025:11:50:06 +0100] "GET /wp-includes/Text HTTP/1.1" 200 37391 "https://www.bing.com/" "Mozilla/5.0 (Linux; Android 14; Pixel 8 Pro) AppleWebKit/537.36 (KHTML, like Gecko) Chrome/119.0.0.0 Mobile Safari/537.36"
4.194.193.179 - - [21/Dec/2025:11:50:06 +0100] "GET /aa.php HTTP/1.1" 503 428 "https://www.google.fr/" "Mozilla/5.0 (Linux; Android 10; LM-Q720) AppleWebKit/537.36 (KHTML, like Gecko) Chrome/116.0.0.0 Mobile Safari/537.36" "212.55.28.69,4.194.193.179"
cpanel.agorial.com:443 4.194.193.179 - - [21/Dec/2025:11:50:06 +0100] "GET /aa.php HTTP/1.1" 503 428 "https://www.google.fr/" "Mozilla/5.0 (Linux; Android 10; LM-Q720) AppleWebKit/537.36 (KHTML, like Gecko) Chrome/116.0.0.0 Mobile Safari/537.36"
20.89.193.50 - - [21/Dec/2025:11:50:06 +0100] "GET /wp-includes/Text/Diff/Engine HTTP/1.1" 301 162 "https://www.google.co.uk/" "Mozilla/5.0 (Linux; Android 13; SM-G991U) AppleWebKit/537.36 (KHTML, like Gecko) Chrome/117.0.0.0 Mobile Safari/537.36" "147.10.21.113"
cpanel.volzano.com:80 20.89.193.50 - - [21/Dec/2025:11:50:06 +0100] "GET /wp-includes/Text/Diff/Engine HTTP/1.1" 301 162 "https://www.google.co.uk/" "Mozilla/5.0 (Linux; Android 13; SM-G991U) AppleWebKit/537.36 (KHTML, like Gecko) Chrome/117.0.0.0 Mobile Safari/537.36"
4.194.193.179 - - [21/Dec/2025:11:50:07 +0100] "GET /abcd.php HTTP/1.1" 503 428 "https://duckduckgo.com/" "Mozilla/5.0 (Linux; Android 13; SM-S908E) AppleWebKit/537.36 (KHTML, like Gecko) Chrome/116.0.0.0 Mobile Safari/537.36" "46.48.169.190,4.194.193.179"
cpanel.agorial.com:443 4.194.193.179 - - [21/Dec/2025:11:50:07 +0100] "GET /abcd.php HTTP/1.1" 503 428 "https://duckduckgo.com/" "Mozilla/5.0 (Linux; Android 13; SM-S908E) AppleWebKit/537.36 (KHTML, like Gecko) Chrome/116.0.0.0 Mobile Safari/537.36"
4.194.193.179 - - [21/Dec/2025:11:50:07 +0100] "GET /admin.php HTTP/1.1" 503 428 "https://www.google.fr/" "Mozilla/5.0 (Linux; Android 11; 21081111RG) AppleWebKit/537.36 (KHTML, like Gecko) Chrome/116.0.0.0 Mobile Safari/537.36" "239.196.193.129,4.194.193.179"
cpanel.agorial.com:443 4.194.193.179 - - [21/Dec/2025:11:50:07 +0100] "GET /admin.php HTTP/1.1" 503 428 "https://www.google.fr/" "Mozilla/5.0 (Linux; Android 11; 21081111RG) AppleWebKit/537.36 (KHTML, like Gecko) Chrome/116.0.0.0 Mobile Safari/537.36"
4.194.193.179 - - [21/Dec/2025:11:50:07 +0100] "GET /adminfuns.php HTTP/1.1" 503 428 "https://www.google.de/" "Mozilla/5.0 (Linux; Android 13; SM-S908E) AppleWebKit/537.36 (KHTML, like Gecko) Chrome/116.0.0.0 Mobile Safari/537.36" "240.62.122.119,4.194.193.179"
cpanel.agorial.com:443 4.194.193.179 - - [21/Dec/2025:11:50:07 +0100] "GET /adminfuns.php HTTP/1.1" 503 428 "https://www.google.de/" "Mozilla/5.0 (Linux; Android 13; SM-S908E) AppleWebKit/537.36 (KHTML, like Gecko) Chrome/116.0.0.0 Mobile Safari/537.36"
4.194.193.179 - - [21/Dec/2025:11:50:07 +0100] "GET /ahax.php HTTP/1.1" 503 428 "https://www.google.com/" "Mozilla/5.0 (Linux; Android 10; LM-Q720) AppleWebKit/537.36 (KHTML, like Gecko) Chrome/116.0.0.0 Mobile Safari/537.36" "128.202.34.104,4.194.193.179"
cpanel.agorial.com:443 4.194.193.179 - - [21/Dec/2025:11:50:07 +0100] "GET /ahax.php HTTP/1.1" 503 428 "https://www.google.com/" "Mozilla/5.0 (Linux; Android 10; LM-Q720) AppleWebKit/537.36 (KHTML, like Gecko) Chrome/116.0.0.0 Mobile Safari/537.36"
188.164.198.78 - - [21/Dec/2025:11:50:07 +0100] "POST /xmlrpc.php HTTP/1.1" 404 10068 "-" "Mozilla/5.0 (Windows NT 10.0; Win64; x64) AppleWebKit/537.36 (KHTML, like Gecko) Chrome/126.0.0.0 Safari/537.36" "-"
127.0.0.1:443 188.164.198.78 - - [21/Dec/2025:11:50:07 +0100] "POST /xmlrpc.php HTTP/1.1" 404 10068 "-" "Mozilla/5.0 (Windows NT 10.0; Win64; x64) AppleWebKit/537.36 (KHTML, like Gecko) Chrome/126.0.0.0 Safari/537.36"
20.89.193.50 - - [21/Dec/2025:11:50:07 +0100] "GET /wp-includes/Text/Diff/Engine HTTP/1.1" 200 37403 "https://www.google.co.uk/" "Mozilla/5.0 (Linux; Android 13; SM-G991U) AppleWebKit/537.36 (KHTML, like Gecko) Chrome/117.0.0.0 Mobile Safari/537.36" "147.10.21.113"
cpanel.volzano.com:443 20.89.193.50 - - [21/Dec/2025:11:50:07 +0100] "GET /wp-includes/Text/Diff/Engine HTTP/1.1" 200 37403 "https://www.google.co.uk/" "Mozilla/5.0 (Linux; Android 13; SM-G991U) AppleWebKit/537.36 (KHTML, like Gecko) Chrome/117.0.0.0 Mobile Safari/537.36"
4.194.193.179 - - [21/Dec/2025:11:50:07 +0100] "GET /akcc.php HTTP/1.1" 503 428 "https://www.google.de/" "Mozilla/5.0 (Linux; Android 13; SM-G991U) AppleWebKit/537.36 (KHTML, like Gecko) Chrome/117.0.0.0 Mobile Safari/537.36" "153.121.147.126,4.194.193.179"
cpanel.agorial.com:443 4.194.193.179 - - [21/Dec/2025:11:50:07 +0100] "GET /akcc.php HTTP/1.1" 503 428 "https://www.google.de/" "Mozilla/5.0 (Linux; Android 13; SM-G991U) AppleWebKit/537.36 (KHTML, like Gecko) Chrome/117.0.0.0 Mobile Safari/537.36"
4.194.193.179 - - [21/Dec/2025:11:50:07 +0100] "GET /alfa.php HTTP/1.1" 503 428 "https://www.google.co.uk/" "Mozilla/5.0 (Linux; Android 13; M2101K6G) AppleWebKit/537.36 (KHTML, like Gecko) Chrome/116.0.0.0 Mobile Safari/537.36" "216.149.15.69,4.194.193.179"
cpanel.agorial.com:443 4.194.193.179 - - [21/Dec/2025:11:50:07 +0100] "GET /alfa.php HTTP/1.1" 503 428 "https://www.google.co.uk/" "Mozilla/5.0 (Linux; Android 13; M2101K6G) AppleWebKit/537.36 (KHTML, like Gecko) Chrome/116.0.0.0 Mobile Safari/537.36"
20.89.193.50 - - [21/Dec/2025:11:50:07 +0100] "GET /wp-includes/block-bindings/index.php HTTP/1.1" 301 162 "https://www.bing.com/" "Mozilla/5.0 (Linux; Android 13; M2101K6G) AppleWebKit/537.36 (KHTML, like Gecko) Chrome/116.0.0.0 Mobile Safari/537.36" "225.165.92.92"
cpanel.volzano.com:80 20.89.193.50 - - [21/Dec/2025:11:50:07 +0100] "GET /wp-includes/block-bindings/index.php HTTP/1.1" 301 162 "https://www.bing.com/" "Mozilla/5.0 (Linux; Android 13; M2101K6G) AppleWebKit/537.36 (KHTML, like Gecko) Chrome/116.0.0.0 Mobile Safari/537.36"
4.194.193.179 - - [21/Dec/2025:11:50:08 +0100] "GET /assets/images/ HTTP/1.1" 503 428 "https://duckduckgo.com/" "Mozilla/5.0 (Linux; Android 13; SM-G991U) AppleWebKit/537.36 (KHTML, like Gecko) Chrome/117.0.0.0 Mobile Safari/537.36" "132.20.164.127,4.194.193.179"
cpanel.agorial.com:443 4.194.193.179 - - [21/Dec/2025:11:50:08 +0100] "GET /assets/images/ HTTP/1.1" 503 428 "https://duckduckgo.com/" "Mozilla/5.0 (Linux; Android 13; SM-G991U) AppleWebKit/537.36 (KHTML, like Gecko) Chrome/117.0.0.0 Mobile Safari/537.36"
4.194.193.179 - - [21/Dec/2025:11:50:08 +0100] "GET /autoload_classmap/function.php HTTP/1.1" 503 428 "https://www.google.co.uk/" "Mozilla/5.0 (Linux; Android 12; V2134) AppleWebKit/537.36 (KHTML, like Gecko) Chrome/116.0.0.0 Mobile Safari/537.36" "181.225.161.2,4.194.193.179"
cpanel.agorial.com:443 4.194.193.179 - - [21/Dec/2025:11:50:08 +0100] "GET /autoload_classmap/function.php HTTP/1.1" 503 428 "https://www.google.co.uk/" "Mozilla/5.0 (Linux; Android 12; V2134) AppleWebKit/537.36 (KHTML, like Gecko) Chrome/116.0.0.0 Mobile Safari/537.36"
4.194.193.179 - - [21/Dec/2025:11:50:08 +0100] "GET /av.php HTTP/1.1" 503 428 "https://www.google.fr/" "Mozilla/5.0 (Linux; Android 10; LM-Q720) AppleWebKit/537.36 (KHTML, like Gecko) Chrome/116.0.0.0 Mobile Safari/537.36" "45.83.5.115,4.194.193.179"
cpanel.agorial.com:443 4.194.193.179 - - [21/Dec/2025:11:50:08 +0100] "GET /av.php HTTP/1.1" 503 428 "https://www.google.fr/" "Mozilla/5.0 (Linux; Android 10; LM-Q720) AppleWebKit/537.36 (KHTML, like Gecko) Chrome/116.0.0.0 Mobile Safari/537.36"
4.194.193.179 - - [21/Dec/2025:11:50:08 +0100] "GET /bless.php HTTP/1.1" 503 428 "https://duckduckgo.com/" "Mozilla/5.0 (Linux; Android 13; M2101K6G) AppleWebKit/537.36 (KHTML, like Gecko) Chrome/116.0.0.0 Mobile Safari/537.36" "234.80.184.219,4.194.193.179"
cpanel.agorial.com:443 4.194.193.179 - - [21/Dec/2025:11:50:08 +0100] "GET /bless.php HTTP/1.1" 503 428 "https://duckduckgo.com/" "Mozilla/5.0 (Linux; Android 13; M2101K6G) AppleWebKit/537.36 (KHTML, like Gecko) Chrome/116.0.0.0 Mobile Safari/537.36"
20.89.193.50 - - [21/Dec/2025:11:50:08 +0100] "GET /wp-includes/block-bindings/index.php HTTP/1.1" 200 37411 "https://www.bing.com/" "Mozilla/5.0 (Linux; Android 13; M2101K6G) AppleWebKit/537.36 (KHTML, like Gecko) Chrome/116.0.0.0 Mobile Safari/537.36" "225.165.92.92"
cpanel.volzano.com:443 20.89.193.50 - - [21/Dec/2025:11:50:08 +0100] "GET /wp-includes/block-bindings/index.php HTTP/1.1" 200 37411 "https://www.bing.com/" "Mozilla/5.0 (Linux; Android 13; M2101K6G) AppleWebKit/537.36 (KHTML, like Gecko) Chrome/116.0.0.0 Mobile Safari/537.36"
4.194.193.179 - - [21/Dec/2025:11:50:08 +0100] "GET /bolt.php HTTP/1.1" 503 428 "https://www.bing.com/" "Mozilla/5.0 (Linux; Android 13; M2101K6G) AppleWebKit/537.36 (KHTML, like Gecko) Chrome/116.0.0.0 Mobile Safari/537.36" "155.190.103.90,4.194.193.179"
cpanel.agorial.com:443 4.194.193.179 - - [21/Dec/2025:11:50:08 +0100] "GET /bolt.php HTTP/1.1" 503 428 "https://www.bing.com/" "Mozilla/5.0 (Linux; Android 13; M2101K6G) AppleWebKit/537.36 (KHTML, like Gecko) Chrome/116.0.0.0 Mobile Safari/537.36"
4.194.193.179 - - [21/Dec/2025:11:50:09 +0100] "GET /buy.php HTTP/1.1" 503 428 "https://www.bing.com/" "Mozilla/5.0 (Linux; Android 13; SM-G991U) AppleWebKit/537.36 (KHTML, like Gecko) Chrome/117.0.0.0 Mobile Safari/537.36" "218.199.213.78,4.194.193.179"
cpanel.agorial.com:443 4.194.193.179 - - [21/Dec/2025:11:50:09 +0100] "GET /buy.php HTTP/1.1" 503 428 "https://www.bing.com/" "Mozilla/5.0 (Linux; Android 13; SM-G991U) AppleWebKit/537.36 (KHTML, like Gecko) Chrome/117.0.0.0 Mobile Safari/537.36"
20.89.193.50 - - [21/Dec/2025:11:50:09 +0100] "GET /wp-includes/block-supports HTTP/1.1" 301 162 "https://www.google.fr/" "Mozilla/5.0 (Linux; Android 14; Pixel 8 Pro) AppleWebKit/537.36 (KHTML, like Gecko) Chrome/119.0.0.0 Mobile Safari/537.36" "237.146.82.83"
cpanel.volzano.com:80 20.89.193.50 - - [21/Dec/2025:11:50:09 +0100] "GET /wp-includes/block-supports HTTP/1.1" 301 162 "https://www.google.fr/" "Mozilla/5.0 (Linux; Android 14; Pixel 8 Pro) AppleWebKit/537.36 (KHTML, like Gecko) Chrome/119.0.0.0 Mobile Safari/537.36"
4.194.193.179 - - [21/Dec/2025:11:50:09 +0100] "GET /cgi-bin/file.php HTTP/1.1" 503 428 "https://www.google.fr/" "Mozilla/5.0 (iPhone; CPU iPhone OS 16_0 like Mac OS X) AppleWebKit/605.1.15 (KHTML, like Gecko) FxiOS/118.0 Mobile/15E148 Safari/605.1.15" "23.36.188.247,4.194.193.179"
cpanel.agorial.com:443 4.194.193.179 - - [21/Dec/2025:11:50:09 +0100] "GET /cgi-bin/file.php HTTP/1.1" 503 428 "https://www.google.fr/" "Mozilla/5.0 (iPhone; CPU iPhone OS 16_0 like Mac OS X) AppleWebKit/605.1.15 (KHTML, like Gecko) FxiOS/118.0 Mobile/15E148 Safari/605.1.15"
4.194.193.179 - - [21/Dec/2025:11:50:09 +0100] "GET /cgi-bin/index.php HTTP/1.1" 503 428 "https://www.google.de/" "Mozilla/5.0 (iPhone; CPU iPhone OS 16_6_1 like Mac OS X) AppleWebKit/605.1.15 (KHTML, like Gecko) Version/16.6 Mobile/15E148 Safari/604.1" "163.139.38.119,4.194.193.179"
cpanel.agorial.com:443 4.194.193.179 - - [21/Dec/2025:11:50:09 +0100] "GET /cgi-bin/index.php HTTP/1.1" 503 428 "https://www.google.de/" "Mozilla/5.0 (iPhone; CPU iPhone OS 16_6_1 like Mac OS X) AppleWebKit/605.1.15 (KHTML, like Gecko) Version/16.6 Mobile/15E148 Safari/604.1"
4.194.193.179 - - [21/Dec/2025:11:50:09 +0100] "GET /chosen.php HTTP/1.1" 503 428 "https://www.google.co.uk/" "Mozilla/5.0 (Linux; Android 11; CPH2251) AppleWebKit/537.36 (KHTML, like Gecko) Chrome/116.0.0.0 Mobile Safari/537.36" "213.116.112.153,4.194.193.179"
cpanel.agorial.com:443 4.194.193.179 - - [21/Dec/2025:11:50:09 +0100] "GET /chosen.php HTTP/1.1" 503 428 "https://www.google.co.uk/" "Mozilla/5.0 (Linux; Android 11; CPH2251) AppleWebKit/537.36 (KHTML, like Gecko) Chrome/116.0.0.0 Mobile Safari/537.36"
4.194.193.179 - - [21/Dec/2025:11:50:09 +0100] "GET /classwithtostring.php HTTP/1.1" 503 428 "https://www.google.co.uk/" "Mozilla/5.0 (iPhone; CPU iPhone OS 17_1 like Mac OS X) AppleWebKit/605.1.15 (KHTML, like Gecko) CriOS/119.0.6045.109 Mobile/15E148 Safari/604.1" "200.252.38.61,4.194.193.179"
cpanel.agorial.com:443 4.194.193.179 - - [21/Dec/2025:11:50:09 +0100] "GET /classwithtostring.php HTTP/1.1" 503 428 "https://www.google.co.uk/" "Mozilla/5.0 (iPhone; CPU iPhone OS 17_1 like Mac OS X) AppleWebKit/605.1.15 (KHTML, like Gecko) CriOS/119.0.6045.109 Mobile/15E148 Safari/604.1"
20.89.193.50 - - [21/Dec/2025:11:50:09 +0100] "GET /wp-includes/block-supports HTTP/1.1" 200 37401 "https://www.google.fr/" "Mozilla/5.0 (Linux; Android 14; Pixel 8 Pro) AppleWebKit/537.36 (KHTML, like Gecko) Chrome/119.0.0.0 Mobile Safari/537.36" "237.146.82.83"
cpanel.volzano.com:443 20.89.193.50 - - [21/Dec/2025:11:50:09 +0100] "GET /wp-includes/block-supports HTTP/1.1" 200 37401 "https://www.google.fr/" "Mozilla/5.0 (Linux; Android 14; Pixel 8 Pro) AppleWebKit/537.36 (KHTML, like Gecko) Chrome/119.0.0.0 Mobile Safari/537.36"
4.194.193.179 - - [21/Dec/2025:11:50:10 +0100] "GET /edit.php HTTP/1.1" 503 428 "https://www.yahoo.com/" "Mozilla/5.0 (Linux; Android 14; Pixel 8 Pro) AppleWebKit/537.36 (KHTML, like Gecko) Chrome/119.0.0.0 Mobile Safari/537.36" "17.251.202.164,4.194.193.179"
cpanel.agorial.com:443 4.194.193.179 - - [21/Dec/2025:11:50:10 +0100] "GET /edit.php HTTP/1.1" 503 428 "https://www.yahoo.com/" "Mozilla/5.0 (Linux; Android 14; Pixel 8 Pro) AppleWebKit/537.36 (KHTML, like Gecko) Chrome/119.0.0.0 Mobile Safari/537.36"
20.89.193.50 - - [21/Dec/2025:11:50:10 +0100] "GET /wp-includes/blocks/code HTTP/1.1" 301 162 "https://www.google.fr/" "Mozilla/5.0 (Linux; Android 11; 21081111RG) AppleWebKit/537.36 (KHTML, like Gecko) Chrome/116.0.0.0 Mobile Safari/537.36" "204.116.78.1"
cpanel.volzano.com:80 20.89.193.50 - - [21/Dec/2025:11:50:10 +0100] "GET /wp-includes/blocks/code HTTP/1.1" 301 162 "https://www.google.fr/" "Mozilla/5.0 (Linux; Android 11; 21081111RG) AppleWebKit/537.36 (KHTML, like Gecko) Chrome/116.0.0.0 Mobile Safari/537.36"
4.194.193.179 - - [21/Dec/2025:11:50:10 +0100] "GET /elp.php HTTP/1.1" 503 428 "https://duckduckgo.com/" "Mozilla/5.g (Linux; Android 13; Pixel 7) AppleWebKit/537.36 (KHTML, like Gecko) Chrome/116.0.0.0 Mobile Safari/537.36" "211.191.232.183,4.194.193.179"
cpanel.agorial.com:443 4.194.193.179 - - [21/Dec/2025:11:50:10 +0100] "GET /elp.php HTTP/1.1" 503 428 "https://duckduckgo.com/" "Mozilla/5.g (Linux; Android 13; Pixel 7) AppleWebKit/537.36 (KHTML, like Gecko) Chrome/116.0.0.0 Mobile Safari/537.36"
4.194.193.179 - - [21/Dec/2025:11:50:10 +0100] "GET /file.php HTTP/1.1" 503 428 "https://www.google.de/" "Mozilla/5.0 (Linux; Android 14; Pixel 8 Pro) AppleWebKit/537.36 (KHTML, like Gecko) Chrome/119.0.0.0 Mobile Safari/537.36" "182.227.113.1,4.194.193.179"
cpanel.agorial.com:443 4.194.193.179 - - [21/Dec/2025:11:50:10 +0100] "GET /file.php HTTP/1.1" 503 428 "https://www.google.de/" "Mozilla/5.0 (Linux; Android 14; Pixel 8 Pro) AppleWebKit/537.36 (KHTML, like Gecko) Chrome/119.0.0.0 Mobile Safari/537.36"
4.194.193.179 - - [21/Dec/2025:11:50:10 +0100] "GET /files/ HTTP/1.1" 503 428 "https://www.google.com/" "Mozilla/5.0 (iPhone; CPU iPhone OS 17_1_1 like Mac OS X) AppleWebKit/605.1.15 (KHTML, like Gecko) Version/17.1 Mobile/15E148 Safari/604.1" "203.238.126.75,4.194.193.179"
cpanel.agorial.com:443 4.194.193.179 - - [21/Dec/2025:11:50:10 +0100] "GET /files/ HTTP/1.1" 503 428 "https://www.google.com/" "Mozilla/5.0 (iPhone; CPU iPhone OS 17_1_1 like Mac OS X) AppleWebKit/605.1.15 (KHTML, like Gecko) Version/17.1 Mobile/15E148 Safari/604.1"
4.194.193.179 - - [21/Dec/2025:11:50:10 +0100] "GET /gg.php HTTP/1.1" 503 428 "https://www.google.fr/" "Mozilla/5.0 (Linux; Android 11; 21081111RG) AppleWebKit/537.36 (KHTML, like Gecko) Chrome/116.0.0.0 Mobile Safari/537.36" "51.70.91.85,4.194.193.179"
cpanel.agorial.com:443 4.194.193.179 - - [21/Dec/2025:11:50:10 +0100] "GET /gg.php HTTP/1.1" 503 428 "https://www.google.fr/" "Mozilla/5.0 (Linux; Android 11; 21081111RG) AppleWebKit/537.36 (KHTML, like Gecko) Chrome/116.0.0.0 Mobile Safari/537.36"
4.194.193.179 - - [21/Dec/2025:11:50:11 +0100] "GET /goods.php HTTP/1.1" 503 428 "https://www.google.com/" "Mozilla/5.0 (iPhone; CPU iPhone OS 16_0 like Mac OS X) AppleWebKit/605.1.15 (KHTML, like Gecko) FxiOS/118.0 Mobile/15E148 Safari/605.1.15" "4.39.121.7,4.194.193.179"
cpanel.agorial.com:443 4.194.193.179 - - [21/Dec/2025:11:50:11 +0100] "GET /goods.php HTTP/1.1" 503 428 "https://www.google.com/" "Mozilla/5.0 (iPhone; CPU iPhone OS 16_0 like Mac OS X) AppleWebKit/605.1.15 (KHTML, like Gecko) FxiOS/118.0 Mobile/15E148 Safari/605.1.15"
20.89.193.50 - - [21/Dec/2025:11:50:11 +0100] "GET /wp-includes/blocks/code HTTP/1.1" 200 37398 "https://www.google.fr/" "Mozilla/5.0 (Linux; Android 11; 21081111RG) AppleWebKit/537.36 (KHTML, like Gecko) Chrome/116.0.0.0 Mobile Safari/537.36" "204.116.78.1"
cpanel.volzano.com:443 20.89.193.50 - - [21/Dec/2025:11:50:11 +0100] "GET /wp-includes/blocks/code HTTP/1.1" 200 37398 "https://www.google.fr/" "Mozilla/5.0 (Linux; Android 11; 21081111RG) AppleWebKit/537.36 (KHTML, like Gecko) Chrome/116.0.0.0 Mobile Safari/537.36"
4.194.193.179 - - [21/Dec/2025:11:50:11 +0100] "GET /images/ HTTP/1.1" 503 428 "https://www.google.com/" "Mozilla/5.0 (iPhone; CPU iPhone OS 17_1_1 like Mac OS X) AppleWebKit/605.1.15 (KHTML, like Gecko) Version/17.1 Mobile/15E148 Safari/604.1" "81.148.174.71,4.194.193.179"
cpanel.agorial.com:443 4.194.193.179 - - [21/Dec/2025:11:50:11 +0100] "GET /images/ HTTP/1.1" 503 428 "https://www.google.com/" "Mozilla/5.0 (iPhone; CPU iPhone OS 17_1_1 like Mac OS X) AppleWebKit/605.1.15 (KHTML, like Gecko) Version/17.1 Mobile/15E148 Safari/604.1"
20.89.193.50 - - [21/Dec/2025:11:50:11 +0100] "GET /wp-includes/customize/chosen.php HTTP/1.1" 301 162 "https://www.google.com/" "Mozilla/5.0 (iPhone; CPU iPhone OS 17_1_1 like Mac OS X) AppleWebKit/605.1.15 (KHTML, like Gecko) Version/17.1 Mobile/15E148 Safari/604.1" "126.202.156.115"
cpanel.volzano.com:80 20.89.193.50 - - [21/Dec/2025:11:50:11 +0100] "GET /wp-includes/customize/chosen.php HTTP/1.1" 301 162 "https://www.google.com/" "Mozilla/5.0 (iPhone; CPU iPhone OS 17_1_1 like Mac OS X) AppleWebKit/605.1.15 (KHTML, like Gecko) Version/17.1 Mobile/15E148 Safari/604.1"
4.194.193.179 - - [21/Dec/2025:11:50:11 +0100] "GET /images/install.php HTTP/1.1" 503 428 "https://www.google.fr/" "Mozilla/5.0 (Linux; Android 10; LM-Q720) AppleWebKit/537.36 (KHTML, like Gecko) Chrome/116.0.0.0 Mobile Safari/537.36" "97.96.180.213,4.194.193.179"
cpanel.agorial.com:443 4.194.193.179 - - [21/Dec/2025:11:50:11 +0100] "GET /images/install.php HTTP/1.1" 503 428 "https://www.google.fr/" "Mozilla/5.0 (Linux; Android 10; LM-Q720) AppleWebKit/537.36 (KHTML, like Gecko) Chrome/116.0.0.0 Mobile Safari/537.36"
4.194.193.179 - - [21/Dec/2025:11:50:11 +0100] "GET /info.php HTTP/1.1" 503 428 "https://www.google.de/" "Mozilla/5.0 (iPhone; CPU iPhone OS 17_1 like Mac OS X) AppleWebKit/605.1.15 (KHTML, like Gecko) CriOS/119.0.6045.109 Mobile/15E148 Safari/604.1" "235.40.159.159,4.194.193.179"
cpanel.agorial.com:443 4.194.193.179 - - [21/Dec/2025:11:50:11 +0100] "GET /info.php HTTP/1.1" 503 428 "https://www.google.de/" "Mozilla/5.0 (iPhone; CPU iPhone OS 17_1 like Mac OS X) AppleWebKit/605.1.15 (KHTML, like Gecko) CriOS/119.0.6045.109 Mobile/15E148 Safari/604.1"
4.194.193.179 - - [21/Dec/2025:11:50:11 +0100] "GET /ioxi-o.php HTTP/1.1" 503 428 "https://www.google.fr/" "Mozilla/5.0 (Linux; Android 13; M2101K6G) AppleWebKit/537.36 (KHTML, like Gecko) Chrome/116.0.0.0 Mobile Safari/537.36" "30.170.217.53,4.194.193.179"
cpanel.agorial.com:443 4.194.193.179 - - [21/Dec/2025:11:50:11 +0100] "GET /ioxi-o.php HTTP/1.1" 503 428 "https://www.google.fr/" "Mozilla/5.0 (Linux; Android 13; M2101K6G) AppleWebKit/537.36 (KHTML, like Gecko) Chrome/116.0.0.0 Mobile Safari/537.36"
4.194.193.179 - - [21/Dec/2025:11:50:11 +0100] "GET /k.php HTTP/1.1" 503 428 "https://www.yahoo.com/" "Mozilla/5.0 (Linux; Android 11; CPH2251) AppleWebKit/537.36 (KHTML, like Gecko) Chrome/116.0.0.0 Mobile Safari/537.36" "77.31.153.49,4.194.193.179"
cpanel.agorial.com:443 4.194.193.179 - - [21/Dec/2025:11:50:11 +0100] "GET /k.php HTTP/1.1" 503 428 "https://www.yahoo.com/" "Mozilla/5.0 (Linux; Android 11; CPH2251) AppleWebKit/537.36 (KHTML, like Gecko) Chrome/116.0.0.0 Mobile Safari/537.36"
20.89.193.50 - - [21/Dec/2025:11:50:12 +0100] "GET /wp-includes/customize/chosen.php HTTP/1.1" 200 37407 "https://www.google.com/" "Mozilla/5.0 (iPhone; CPU iPhone OS 17_1_1 like Mac OS X) AppleWebKit/605.1.15 (KHTML, like Gecko) Version/17.1 Mobile/15E148 Safari/604.1" "126.202.156.115"
cpanel.volzano.com:443 20.89.193.50 - - [21/Dec/2025:11:50:12 +0100] "GET /wp-includes/customize/chosen.php HTTP/1.1" 200 37407 "https://www.google.com/" "Mozilla/5.0 (iPhone; CPU iPhone OS 17_1_1 like Mac OS X) AppleWebKit/605.1.15 (KHTML, like Gecko) Version/17.1 Mobile/15E148 Safari/604.1"
4.194.193.179 - - [21/Dec/2025:11:50:12 +0100] "GET /mah.php HTTP/1.1" 503 428 "https://www.google.fr/" "Mozilla/5.0 (Linux; Android 13; SM-S908E) AppleWebKit/537.36 (KHTML, like Gecko) Chrome/116.0.0.0 Mobile Safari/537.36" "217.79.248.196,4.194.193.179"
cpanel.agorial.com:443 4.194.193.179 - - [21/Dec/2025:11:50:12 +0100] "GET /mah.php HTTP/1.1" 503 428 "https://www.google.fr/" "Mozilla/5.0 (Linux; Android 13; SM-S908E) AppleWebKit/537.36 (KHTML, like Gecko) Chrome/116.0.0.0 Mobile Safari/537.36"
4.194.193.179 - - [21/Dec/2025:11:50:12 +0100] "GET /mah/function.php HTTP/1.1" 503 428 "https://duckduckgo.com/" "Mozilla/5.0 (Linux; Android 10; K) AppleWebKit/537.36 (KHTML, like Gecko) Chrome/117.0.0.0 Mobile Safari/537.36" "139.50.190.250,4.194.193.179"
cpanel.agorial.com:443 4.194.193.179 - - [21/Dec/2025:11:50:12 +0100] "GET /mah/function.php HTTP/1.1" 503 428 "https://duckduckgo.com/" "Mozilla/5.0 (Linux; Android 10; K) AppleWebKit/537.36 (KHTML, like Gecko) Chrome/117.0.0.0 Mobile Safari/537.36"
20.89.193.50 - - [21/Dec/2025:11:50:12 +0100] "GET /wp-includes/html-api/index.php HTTP/1.1" 301 162 "https://www.google.co.uk/" "Mozilla/5.g (Linux; Android 13; Pixel 7) AppleWebKit/537.36 (KHTML, like Gecko) Chrome/116.0.0.0 Mobile Safari/537.36" "77.143.21.85"
cpanel.volzano.com:80 20.89.193.50 - - [21/Dec/2025:11:50:12 +0100] "GET /wp-includes/html-api/index.php HTTP/1.1" 301 162 "https://www.google.co.uk/" "Mozilla/5.g (Linux; Android 13; Pixel 7) AppleWebKit/537.36 (KHTML, like Gecko) Chrome/116.0.0.0 Mobile Safari/537.36"
4.194.193.179 - - [21/Dec/2025:11:50:12 +0100] "GET /manager.php HTTP/1.1" 503 428 "https://www.google.fr/" "Mozilla/5.0 (iPhone; CPU iPhone OS 17_0_3 like Mac OS X) AppleWebKit/605.1.15 (KHTML, like Gecko) Version/17.0.1 Mobile/15E148 Safari/604.1" "253.93.140.142,4.194.193.179"
cpanel.agorial.com:443 4.194.193.179 - - [21/Dec/2025:11:50:12 +0100] "GET /manager.php HTTP/1.1" 503 428 "https://www.google.fr/" "Mozilla/5.0 (iPhone; CPU iPhone OS 17_0_3 like Mac OS X) AppleWebKit/605.1.15 (KHTML, like Gecko) Version/17.0.1 Mobile/15E148 Safari/604.1"
4.194.193.179 - - [21/Dec/2025:11:50:12 +0100] "GET /mini HTTP/1.1" 503 428 "https://www.bing.com/" "Mozilla/5.0 (Linux; Android 11; CPH2251) AppleWebKit/537.36 (KHTML, like Gecko) Chrome/116.0.0.0 Mobile Safari/537.36" "188.179.163.254,4.194.193.179"
cpanel.agorial.com:443 4.194.193.179 - - [21/Dec/2025:11:50:12 +0100] "GET /mini HTTP/1.1" 503 428 "https://www.bing.com/" "Mozilla/5.0 (Linux; Android 11; CPH2251) AppleWebKit/537.36 (KHTML, like Gecko) Chrome/116.0.0.0 Mobile Safari/537.36"
4.194.193.179 - - [21/Dec/2025:11:50:12 +0100] "GET /modules/mod_simplefileuploadv1.3/elements/index.php HTTP/1.1" 503 428 "https://duckduckgo.com/" "Mozilla/5.0 (iPad; CPU OS 16_7_2 like Mac OS X) AppleWebKit/605.1.15 (KHTML, like Gecko) Version/16.6 Mobile/15E148 Safari/604.1" "16.46.167.107,4.194.193.179"
cpanel.agorial.com:443 4.194.193.179 - - [21/Dec/2025:11:50:12 +0100] "GET /modules/mod_simplefileuploadv1.3/elements/index.php HTTP/1.1" 503 428 "https://duckduckgo.com/" "Mozilla/5.0 (iPad; CPU OS 16_7_2 like Mac OS X) AppleWebKit/605.1.15 (KHTML, like Gecko) Version/16.6 Mobile/15E148 Safari/604.1"
4.194.193.179 - - [21/Dec/2025:11:50:13 +0100] "GET /new.php HTTP/1.1" 503 428 "https://www.yahoo.com/" "Mozilla/5.0 (iPhone; CPU iPhone OS 17_1 like Mac OS X) AppleWebKit/605.1.15 (KHTML, like Gecko) CriOS/119.0.6045.109 Mobile/15E148 Safari/604.1" "224.23.12.215,4.194.193.179"
cpanel.agorial.com:443 4.194.193.179 - - [21/Dec/2025:11:50:13 +0100] "GET /new.php HTTP/1.1" 503 428 "https://www.yahoo.com/" "Mozilla/5.0 (iPhone; CPU iPhone OS 17_1 like Mac OS X) AppleWebKit/605.1.15 (KHTML, like Gecko) CriOS/119.0.6045.109 Mobile/15E148 Safari/604.1"
20.89.193.50 - - [21/Dec/2025:11:50:13 +0100] "GET /wp-includes/html-api/index.php HTTP/1.1" 200 37405 "https://www.google.co.uk/" "Mozilla/5.g (Linux; Android 13; Pixel 7) AppleWebKit/537.36 (KHTML, like Gecko) Chrome/116.0.0.0 Mobile Safari/537.36" "77.143.21.85"
cpanel.volzano.com:443 20.89.193.50 - - [21/Dec/2025:11:50:13 +0100] "GET /wp-includes/html-api/index.php HTTP/1.1" 200 37405 "https://www.google.co.uk/" "Mozilla/5.g (Linux; Android 13; Pixel 7) AppleWebKit/537.36 (KHTML, like Gecko) Chrome/116.0.0.0 Mobile Safari/537.36"
4.194.193.179 - - [21/Dec/2025:11:50:13 +0100] "GET /public/files/index.php HTTP/1.1" 503 428 "https://www.bing.com/" "Mozilla/5.0 (Linux; Android 12; 2201116SG) AppleWebKit/537.36 (KHTML, like Gecko) Chrome/116.0.0.0 Mobile Safari/537.36" "40.69.77.93,4.194.193.179"
cpanel.agorial.com:443 4.194.193.179 - - [21/Dec/2025:11:50:13 +0100] "GET /public/files/index.php HTTP/1.1" 503 428 "https://www.bing.com/" "Mozilla/5.0 (Linux; Android 12; 2201116SG) AppleWebKit/537.36 (KHTML, like Gecko) Chrome/116.0.0.0 Mobile Safari/537.36"
20.89.193.50 - - [21/Dec/2025:11:50:13 +0100] "GET /wp-includes/index.php HTTP/1.1" 301 162 "https://www.google.co.uk/" "Mozilla/5.0 (iPad; CPU OS 16_7_2 like Mac OS X) AppleWebKit/605.1.15 (KHTML, like Gecko) Version/16.6 Mobile/15E148 Safari/604.1" "205.133.237.121"
cpanel.volzano.com:80 20.89.193.50 - - [21/Dec/2025:11:50:13 +0100] "GET /wp-includes/index.php HTTP/1.1" 301 162 "https://www.google.co.uk/" "Mozilla/5.0 (iPad; CPU OS 16_7_2 like Mac OS X) AppleWebKit/605.1.15 (KHTML, like Gecko) Version/16.6 Mobile/15E148 Safari/604.1"
4.194.193.179 - - [21/Dec/2025:11:50:13 +0100] "GET /public/wp-content/index.php HTTP/1.1" 503 428 "https://www.yahoo.com/" "Mozilla/5.0 (Linux; Android 12; 2201116SG) AppleWebKit/537.36 (KHTML, like Gecko) Chrome/116.0.0.0 Mobile Safari/537.36" "254.35.46.149,4.194.193.179"
cpanel.agorial.com:443 4.194.193.179 - - [21/Dec/2025:11:50:13 +0100] "GET /public/wp-content/index.php HTTP/1.1" 503 428 "https://www.yahoo.com/" "Mozilla/5.0 (Linux; Android 12; 2201116SG) AppleWebKit/537.36 (KHTML, like Gecko) Chrome/116.0.0.0 Mobile Safari/537.36"
4.194.193.179 - - [21/Dec/2025:11:50:13 +0100] "GET /radio.php HTTP/1.1" 503 428 "https://www.bing.com/" "Mozilla/5.0 (iPhone; CPU iPhone OS 17_0_3 like Mac OS X) AppleWebKit/605.1.15 (KHTML, like Gecko) Version/17.0.1 Mobile/15E148 Safari/604.1" "59.2.165.12,4.194.193.179"
cpanel.agorial.com:443 4.194.193.179 - - [21/Dec/2025:11:50:13 +0100] "GET /radio.php HTTP/1.1" 503 428 "https://www.bing.com/" "Mozilla/5.0 (iPhone; CPU iPhone OS 17_0_3 like Mac OS X) AppleWebKit/605.1.15 (KHTML, like Gecko) Version/17.0.1 Mobile/15E148 Safari/604.1"
4.194.193.179 - - [21/Dec/2025:11:50:13 +0100] "GET /themes.php HTTP/1.1" 503 428 "https://www.google.co.uk/" "Mozilla/5.0 (Linux; Android 12; V2134) AppleWebKit/537.36 (KHTML, like Gecko) Chrome/116.0.0.0 Mobile Safari/537.36" "27.40.38.106,4.194.193.179"
cpanel.agorial.com:443 4.194.193.179 - - [21/Dec/2025:11:50:13 +0100] "GET /themes.php HTTP/1.1" 503 428 "https://www.google.co.uk/" "Mozilla/5.0 (Linux; Android 12; V2134) AppleWebKit/537.36 (KHTML, like Gecko) Chrome/116.0.0.0 Mobile Safari/537.36"
4.194.193.179 - - [21/Dec/2025:11:50:14 +0100] "GET /uploads/index.php HTTP/1.1" 503 428 "https://www.google.de/" "Mozilla/5.0 (Linux; Android 12; SM-A525F) AppleWebKit/537.36 (KHTML, like Gecko) Chrome/117.0.0.0 Mobile Safari/537.36" "76.177.193.229,4.194.193.179"
cpanel.agorial.com:443 4.194.193.179 - - [21/Dec/2025:11:50:14 +0100] "GET /uploads/index.php HTTP/1.1" 503 428 "https://www.google.de/" "Mozilla/5.0 (Linux; Android 12; SM-A525F) AppleWebKit/537.36 (KHTML, like Gecko) Chrome/117.0.0.0 Mobile Safari/537.36"
20.89.193.50 - - [21/Dec/2025:11:50:14 +0100] "GET /wp-includes/index.php HTTP/1.1" 200 37396 "https://www.google.co.uk/" "Mozilla/5.0 (iPad; CPU OS 16_7_2 like Mac OS X) AppleWebKit/605.1.15 (KHTML, like Gecko) Version/16.6 Mobile/15E148 Safari/604.1" "205.133.237.121"
cpanel.volzano.com:443 20.89.193.50 - - [21/Dec/2025:11:50:14 +0100] "GET /wp-includes/index.php HTTP/1.1" 200 37396 "https://www.google.co.uk/" "Mozilla/5.0 (iPad; CPU OS 16_7_2 like Mac OS X) AppleWebKit/605.1.15 (KHTML, like Gecko) Version/16.6 Mobile/15E148 Safari/604.1"
4.194.193.179 - - [21/Dec/2025:11:50:14 +0100] "GET /wp-admin/ HTTP/1.1" 503 428 "https://www.google.co.uk/" "Mozilla/5.0 (iPhone; CPU iPhone OS 17_1 like Mac OS X) AppleWebKit/605.1.15 (KHTML, like Gecko) CriOS/119.0.6045.109 Mobile/15E148 Safari/604.1" "243.139.201.201,4.194.193.179"
cpanel.agorial.com:443 4.194.193.179 - - [21/Dec/2025:11:50:14 +0100] "GET /wp-admin/ HTTP/1.1" 503 428 "https://www.google.co.uk/" "Mozilla/5.0 (iPhone; CPU iPhone OS 17_1 like Mac OS X) AppleWebKit/605.1.15 (KHTML, like Gecko) CriOS/119.0.6045.109 Mobile/15E148 Safari/604.1"
4.194.193.179 - - [21/Dec/2025:11:50:14 +0100] "GET /wp-admin/classwithtostring.php HTTP/1.1" 503 428 "https://www.google.co.uk/" "Mozilla/5.0 (Linux; Android 10; LM-Q720) AppleWebKit/537.36 (KHTML, like Gecko) Chrome/116.0.0.0 Mobile Safari/537.36" "160.106.194.230,4.194.193.179"
cpanel.agorial.com:443 4.194.193.179 - - [21/Dec/2025:11:50:14 +0100] "GET /wp-admin/classwithtostring.php HTTP/1.1" 503 428 "https://www.google.co.uk/" "Mozilla/5.0 (Linux; Android 10; LM-Q720) AppleWebKit/537.36 (KHTML, like Gecko) Chrome/116.0.0.0 Mobile Safari/537.36"
20.89.193.50 - - [21/Dec/2025:11:50:14 +0100] "GET /wp-includes/js/dist/development/index.php HTTP/1.1" 301 162 "https://www.google.co.uk/" "Mozilla/5.0 (Linux; Android 12; V2134) AppleWebKit/537.36 (KHTML, like Gecko) Chrome/116.0.0.0 Mobile Safari/537.36" "247.150.31.58"
cpanel.volzano.com:80 20.89.193.50 - - [21/Dec/2025:11:50:14 +0100] "GET /wp-includes/js/dist/development/index.php HTTP/1.1" 301 162 "https://www.google.co.uk/" "Mozilla/5.0 (Linux; Android 12; V2134) AppleWebKit/537.36 (KHTML, like Gecko) Chrome/116.0.0.0 Mobile Safari/537.36"
4.194.193.179 - - [21/Dec/2025:11:50:14 +0100] "GET /wp-admin/css/ HTTP/1.1" 503 428 "https://www.google.fr/" "Mozilla/5.0 (Linux; Android 10; K) AppleWebKit/537.36 (KHTML, like Gecko) Chrome/117.0.0.0 Mobile Safari/537.36" "177.219.149.95,4.194.193.179"
cpanel.agorial.com:443 4.194.193.179 - - [21/Dec/2025:11:50:14 +0100] "GET /wp-admin/css/ HTTP/1.1" 503 428 "https://www.google.fr/" "Mozilla/5.0 (Linux; Android 10; K) AppleWebKit/537.36 (KHTML, like Gecko) Chrome/117.0.0.0 Mobile Safari/537.36"
4.194.193.179 - - [21/Dec/2025:11:50:14 +0100] "GET /wp-admin/css/about.php HTTP/1.1" 503 428 "https://www.google.de/" "Mozilla/5.0 (iPhone; CPU iPhone OS 15_7_9 like Mac OS X) AppleWebKit/605.1.15 (KHTML, like Gecko) Version/15.6.5 Mobile/15E148 Safari/604.1" "231.196.37.226,4.194.193.179"
cpanel.agorial.com:443 4.194.193.179 - - [21/Dec/2025:11:50:14 +0100] "GET /wp-admin/css/about.php HTTP/1.1" 503 428 "https://www.google.de/" "Mozilla/5.0 (iPhone; CPU iPhone OS 15_7_9 like Mac OS X) AppleWebKit/605.1.15 (KHTML, like Gecko) Version/15.6.5 Mobile/15E148 Safari/604.1"
4.194.193.179 - - [21/Dec/2025:11:50:15 +0100] "GET /wp-admin/css/colors/blue/ HTTP/1.1" 503 428 "https://www.google.co.uk/" "Mozilla/5.0 (Linux; Android 11; CPH2251) AppleWebKit/537.36 (KHTML, like Gecko) Chrome/116.0.0.0 Mobile Safari/537.36" "53.111.166.246,4.194.193.179"
cpanel.agorial.com:443 4.194.193.179 - - [21/Dec/2025:11:50:15 +0100] "GET /wp-admin/css/colors/blue/ HTTP/1.1" 503 428 "https://www.google.co.uk/" "Mozilla/5.0 (Linux; Android 11; CPH2251) AppleWebKit/537.36 (KHTML, like Gecko) Chrome/116.0.0.0 Mobile Safari/537.36"
4.194.193.179 - - [21/Dec/2025:11:50:15 +0100] "GET /wp-admin/images/index.php HTTP/1.1" 503 428 "https://www.google.de/" "Mozilla/5.0 (Linux; Android 10; K) AppleWebKit/537.36 (KHTML, like Gecko) Chrome/117.0.0.0 Mobile Safari/537.36" "10.103.180.236,4.194.193.179"
cpanel.agorial.com:443 4.194.193.179 - - [21/Dec/2025:11:50:15 +0100] "GET /wp-admin/images/index.php HTTP/1.1" 503 428 "https://www.google.de/" "Mozilla/5.0 (Linux; Android 10; K) AppleWebKit/537.36 (KHTML, like Gecko) Chrome/117.0.0.0 Mobile Safari/537.36"
20.89.193.50 - - [21/Dec/2025:11:50:15 +0100] "GET /wp-includes/js/dist/development/index.php HTTP/1.1" 200 37416 "https://www.google.co.uk/" "Mozilla/5.0 (Linux; Android 12; V2134) AppleWebKit/537.36 (KHTML, like Gecko) Chrome/116.0.0.0 Mobile Safari/537.36" "247.150.31.58"
cpanel.volzano.com:443 20.89.193.50 - - [21/Dec/2025:11:50:15 +0100] "GET /wp-includes/js/dist/development/index.php HTTP/1.1" 200 37416 "https://www.google.co.uk/" "Mozilla/5.0 (Linux; Android 12; V2134) AppleWebKit/537.36 (KHTML, like Gecko) Chrome/116.0.0.0 Mobile Safari/537.36"
4.194.193.179 - - [21/Dec/2025:11:50:15 +0100] "GET /wp-admin/includes/colour.php HTTP/1.1" 503 428 "https://www.google.fr/" "Mozilla/5.0 (iPhone; CPU iPhone OS 16_6_1 like Mac OS X) AppleWebKit/605.1.15 (KHTML, like Gecko) Version/16.6 Mobile/15E148 Safari/604.1" "109.76.13.17,4.194.193.179"
cpanel.agorial.com:443 4.194.193.179 - - [21/Dec/2025:11:50:15 +0100] "GET /wp-admin/includes/colour.php HTTP/1.1" 503 428 "https://www.google.fr/" "Mozilla/5.0 (iPhone; CPU iPhone OS 16_6_1 like Mac OS X) AppleWebKit/605.1.15 (KHTML, like Gecko) Version/16.6 Mobile/15E148 Safari/604.1"
20.89.193.50 - - [21/Dec/2025:11:50:15 +0100] "GET /wp-includes/pomo/index.php HTTP/1.1" 301 162 "https://duckduckgo.com/" "Mozilla/5.0 (Linux; Android 11; 21081111RG) AppleWebKit/537.36 (KHTML, like Gecko) Chrome/116.0.0.0 Mobile Safari/537.36" "195.78.222.134"
cpanel.volzano.com:80 20.89.193.50 - - [21/Dec/2025:11:50:15 +0100] "GET /wp-includes/pomo/index.php HTTP/1.1" 301 162 "https://duckduckgo.com/" "Mozilla/5.0 (Linux; Android 11; 21081111RG) AppleWebKit/537.36 (KHTML, like Gecko) Chrome/116.0.0.0 Mobile Safari/537.36"
4.194.193.179 - - [21/Dec/2025:11:50:15 +0100] "GET /wp-admin/includes/index.php HTTP/1.1" 503 428 "https://www.google.com/" "Mozilla/5.0 (iPhone; CPU iPhone OS 17_1_1 like Mac OS X) AppleWebKit/605.1.15 (KHTML, like Gecko) Version/17.1 Mobile/15E148 Safari/604.1" "71.158.204.4,4.194.193.179"
cpanel.agorial.com:443 4.194.193.179 - - [21/Dec/2025:11:50:15 +0100] "GET /wp-admin/includes/index.php HTTP/1.1" 503 428 "https://www.google.com/" "Mozilla/5.0 (iPhone; CPU iPhone OS 17_1_1 like Mac OS X) AppleWebKit/605.1.15 (KHTML, like Gecko) Version/17.1 Mobile/15E148 Safari/604.1"
4.194.193.179 - - [21/Dec/2025:11:50:15 +0100] "GET /wp-admin/index.php HTTP/1.1" 503 428 "https://www.google.co.uk/" "Mozilla/5.0 (Linux; Android 13; SM-S908E) AppleWebKit/537.36 (KHTML, like Gecko) Chrome/116.0.0.0 Mobile Safari/537.36" "208.172.201.103,4.194.193.179"
cpanel.agorial.com:443 4.194.193.179 - - [21/Dec/2025:11:50:15 +0100] "GET /wp-admin/index.php HTTP/1.1" 503 428 "https://www.google.co.uk/" "Mozilla/5.0 (Linux; Android 13; SM-S908E) AppleWebKit/537.36 (KHTML, like Gecko) Chrome/116.0.0.0 Mobile Safari/537.36"
4.194.193.179 - - [21/Dec/2025:11:50:16 +0100] "GET /wp-admin/js/ HTTP/1.1" 503 428 "https://www.yahoo.com/" "Mozilla/5.0 (Linux; Android 11; 21081111RG) AppleWebKit/537.36 (KHTML, like Gecko) Chrome/116.0.0.0 Mobile Safari/537.36" "140.249.232.144,4.194.193.179"
cpanel.agorial.com:443 4.194.193.179 - - [21/Dec/2025:11:50:16 +0100] "GET /wp-admin/js/ HTTP/1.1" 503 428 "https://www.yahoo.com/" "Mozilla/5.0 (Linux; Android 11; 21081111RG) AppleWebKit/537.36 (KHTML, like Gecko) Chrome/116.0.0.0 Mobile Safari/537.36"
4.194.193.179 - - [21/Dec/2025:11:50:16 +0100] "GET /wp-admin/js/index.php HTTP/1.1" 503 428 "https://www.google.com/" "Mozilla/5.0 (Linux; Android 13; SM-G991U) AppleWebKit/537.36 (KHTML, like Gecko) Chrome/117.0.0.0 Mobile Safari/537.36" "165.234.131.3,4.194.193.179"
cpanel.agorial.com:443 4.194.193.179 - - [21/Dec/2025:11:50:16 +0100] "GET /wp-admin/js/index.php HTTP/1.1" 503 428 "https://www.google.com/" "Mozilla/5.0 (Linux; Android 13; SM-G991U) AppleWebKit/537.36 (KHTML, like Gecko) Chrome/117.0.0.0 Mobile Safari/537.36"
20.89.193.50 - - [21/Dec/2025:11:50:16 +0100] "GET /wp-includes/pomo/index.php HTTP/1.1" 200 37401 "https://duckduckgo.com/" "Mozilla/5.0 (Linux; Android 11; 21081111RG) AppleWebKit/537.36 (KHTML, like Gecko) Chrome/116.0.0.0 Mobile Safari/537.36" "195.78.222.134"
cpanel.volzano.com:443 20.89.193.50 - - [21/Dec/2025:11:50:16 +0100] "GET /wp-includes/pomo/index.php HTTP/1.1" 200 37401 "https://duckduckgo.com/" "Mozilla/5.0 (Linux; Android 11; 21081111RG) AppleWebKit/537.36 (KHTML, like Gecko) Chrome/116.0.0.0 Mobile Safari/537.36"
4.194.193.179 - - [21/Dec/2025:11:50:16 +0100] "GET /wp-admin/js/widgets/ HTTP/1.1" 503 428 "https://www.google.de/" "Mozilla/5.0 (Linux; Android 14; Pixel 8 Pro) AppleWebKit/537.36 (KHTML, like Gecko) Chrome/119.0.0.0 Mobile Safari/537.36" "6.179.96.221,4.194.193.179"
cpanel.agorial.com:443 4.194.193.179 - - [21/Dec/2025:11:50:16 +0100] "GET /wp-admin/js/widgets/ HTTP/1.1" 503 428 "https://www.google.de/" "Mozilla/5.0 (Linux; Android 14; Pixel 8 Pro) AppleWebKit/537.36 (KHTML, like Gecko) Chrome/119.0.0.0 Mobile Safari/537.36"
4.194.193.179 - - [21/Dec/2025:11:50:16 +0100] "GET /wp-admin/network/admin.php HTTP/1.1" 503 428 "https://duckduckgo.com/" "Mozilla/5.0 (iPhone; CPU iPhone OS 17_1 like Mac OS X) AppleWebKit/605.1.15 (KHTML, like Gecko) CriOS/119.0.6045.109 Mobile/15E148 Safari/604.1" "81.217.180.98,4.194.193.179"
cpanel.agorial.com:443 4.194.193.179 - - [21/Dec/2025:11:50:16 +0100] "GET /wp-admin/network/admin.php HTTP/1.1" 503 428 "https://duckduckgo.com/" "Mozilla/5.0 (iPhone; CPU iPhone OS 17_1 like Mac OS X) AppleWebKit/605.1.15 (KHTML, like Gecko) CriOS/119.0.6045.109 Mobile/15E148 Safari/604.1"
20.89.193.50 - - [21/Dec/2025:11:50:16 +0100] "GET /wp-includes/rest-api HTTP/1.1" 301 162 "https://www.yahoo.com/" "Mozilla/5.g (Linux; Android 13; Pixel 7) AppleWebKit/537.36 (KHTML, like Gecko) Chrome/116.0.0.0 Mobile Safari/537.36" "81.158.229.72"
cpanel.volzano.com:80 20.89.193.50 - - [21/Dec/2025:11:50:16 +0100] "GET /wp-includes/rest-api HTTP/1.1" 301 162 "https://www.yahoo.com/" "Mozilla/5.g (Linux; Android 13; Pixel 7) AppleWebKit/537.36 (KHTML, like Gecko) Chrome/116.0.0.0 Mobile Safari/537.36"
4.194.193.179 - - [21/Dec/2025:11:50:16 +0100] "GET /wp-admin/wp-admins.php HTTP/1.1" 503 428 "https://www.google.fr/" "Mozilla/5.0 (Linux; Android 12; V2134) AppleWebKit/537.36 (KHTML, like Gecko) Chrome/116.0.0.0 Mobile Safari/537.36" "33.176.117.78,4.194.193.179"
cpanel.agorial.com:443 4.194.193.179 - - [21/Dec/2025:11:50:16 +0100] "GET /wp-admin/wp-admins.php HTTP/1.1" 503 428 "https://www.google.fr/" "Mozilla/5.0 (Linux; Android 12; V2134) AppleWebKit/537.36 (KHTML, like Gecko) Chrome/116.0.0.0 Mobile Safari/537.36"
4.194.193.179 - - [21/Dec/2025:11:50:16 +0100] "GET /wp-blog.php HTTP/1.1" 503 428 "https://www.google.fr/" "Mozilla/5.0 (Linux; Android 10; K) AppleWebKit/537.36 (KHTML, like Gecko) Chrome/117.0.0.0 Mobile Safari/537.36" "103.28.142.27,4.194.193.179"
cpanel.agorial.com:443 4.194.193.179 - - [21/Dec/2025:11:50:16 +0100] "GET /wp-blog.php HTTP/1.1" 503 428 "https://www.google.fr/" "Mozilla/5.0 (Linux; Android 10; K) AppleWebKit/537.36 (KHTML, like Gecko) Chrome/117.0.0.0 Mobile Safari/537.36"
4.194.193.179 - - [21/Dec/2025:11:50:17 +0100] "GET /wp-conflg/function.php HTTP/1.1" 503 428 "https://www.google.com/" "Mozilla/5.0 (Linux; Android 14; Pixel 8 Pro) AppleWebKit/537.36 (KHTML, like Gecko) Chrome/119.0.0.0 Mobile Safari/537.36" "201.108.210.201,4.194.193.179"
cpanel.agorial.com:443 4.194.193.179 - - [21/Dec/2025:11:50:17 +0100] "GET /wp-conflg/function.php HTTP/1.1" 503 428 "https://www.google.com/" "Mozilla/5.0 (Linux; Android 14; Pixel 8 Pro) AppleWebKit/537.36 (KHTML, like Gecko) Chrome/119.0.0.0 Mobile Safari/537.36"
4.194.193.179 - - [21/Dec/2025:11:50:17 +0100] "GET /wp-content/admin-header.php HTTP/1.1" 503 428 "https://www.google.de/" "Mozilla/5.0 (Linux; Android 13; SM-G991U) AppleWebKit/537.36 (KHTML, like Gecko) Chrome/117.0.0.0 Mobile Safari/537.36" "246.29.206.169,4.194.193.179"
cpanel.agorial.com:443 4.194.193.179 - - [21/Dec/2025:11:50:17 +0100] "GET /wp-content/admin-header.php HTTP/1.1" 503 428 "https://www.google.de/" "Mozilla/5.0 (Linux; Android 13; SM-G991U) AppleWebKit/537.36 (KHTML, like Gecko) Chrome/117.0.0.0 Mobile Safari/537.36"
20.89.193.50 - - [21/Dec/2025:11:50:17 +0100] "GET /wp-includes/rest-api HTTP/1.1" 200 37395 "https://www.yahoo.com/" "Mozilla/5.g (Linux; Android 13; Pixel 7) AppleWebKit/537.36 (KHTML, like Gecko) Chrome/116.0.0.0 Mobile Safari/537.36" "81.158.229.72"
cpanel.volzano.com:443 20.89.193.50 - - [21/Dec/2025:11:50:17 +0100] "GET /wp-includes/rest-api HTTP/1.1" 200 37395 "https://www.yahoo.com/" "Mozilla/5.g (Linux; Android 13; Pixel 7) AppleWebKit/537.36 (KHTML, like Gecko) Chrome/116.0.0.0 Mobile Safari/537.36"
4.194.193.179 - - [21/Dec/2025:11:50:17 +0100] "GET /wp-content/admin.php HTTP/1.1" 503 428 "https://www.yahoo.com/" "Mozilla/5.0 (Linux; Android 12; 2201116SG) AppleWebKit/537.36 (KHTML, like Gecko) Chrome/116.0.0.0 Mobile Safari/537.36" "199.126.22.65,4.194.193.179"
cpanel.agorial.com:443 4.194.193.179 - - [21/Dec/2025:11:50:17 +0100] "GET /wp-content/admin.php HTTP/1.1" 503 428 "https://www.yahoo.com/" "Mozilla/5.0 (Linux; Android 12; 2201116SG) AppleWebKit/537.36 (KHTML, like Gecko) Chrome/116.0.0.0 Mobile Safari/537.36"
20.89.193.50 - - [21/Dec/2025:11:50:17 +0100] "GET /wp-includes/sitemaps/autoload_classmap.php HTTP/1.1" 301 162 "https://www.google.de/" "Mozilla/5.0 (Linux; Android 13; SM-S908E) AppleWebKit/537.36 (KHTML, like Gecko) Chrome/116.0.0.0 Mobile Safari/537.36" "118.13.189.172"
cpanel.volzano.com:80 20.89.193.50 - - [21/Dec/2025:11:50:17 +0100] "GET /wp-includes/sitemaps/autoload_classmap.php HTTP/1.1" 301 162 "https://www.google.de/" "Mozilla/5.0 (Linux; Android 13; SM-S908E) AppleWebKit/537.36 (KHTML, like Gecko) Chrome/116.0.0.0 Mobile Safari/537.36"
4.194.193.179 - - [21/Dec/2025:11:50:17 +0100] "GET /wp-content/autoload_classmap.php HTTP/1.1" 503 428 "https://www.google.fr/" "Mozilla/5.0 (Linux; Android 14; Pixel 8 Pro) AppleWebKit/537.36 (KHTML, like Gecko) Chrome/119.0.0.0 Mobile Safari/537.36" "10.38.114.41,4.194.193.179"
cpanel.agorial.com:443 4.194.193.179 - - [21/Dec/2025:11:50:17 +0100] "GET /wp-content/autoload_classmap.php HTTP/1.1" 503 428 "https://www.google.fr/" "Mozilla/5.0 (Linux; Android 14; Pixel 8 Pro) AppleWebKit/537.36 (KHTML, like Gecko) Chrome/119.0.0.0 Mobile Safari/537.36"
4.194.193.179 - - [21/Dec/2025:11:50:17 +0100] "GET /wp-content/backups-dup-lite/ HTTP/1.1" 503 428 "https://duckduckgo.com/" "Mozilla/5.0 (Linux; Android 11; CPH2251) AppleWebKit/537.36 (KHTML, like Gecko) Chrome/116.0.0.0 Mobile Safari/537.36" "95.230.20.87,4.194.193.179"
cpanel.agorial.com:443 4.194.193.179 - - [21/Dec/2025:11:50:17 +0100] "GET /wp-content/backups-dup-lite/ HTTP/1.1" 503 428 "https://duckduckgo.com/" "Mozilla/5.0 (Linux; Android 11; CPH2251) AppleWebKit/537.36 (KHTML, like Gecko) Chrome/116.0.0.0 Mobile Safari/537.36"
4.194.193.179 - - [21/Dec/2025:11:50:18 +0100] "GET /wp-content/index.php HTTP/1.1" 503 428 "https://www.google.com/" "Mozilla/5.0 (Linux; Android 11; 21081111RG) AppleWebKit/537.36 (KHTML, like Gecko) Chrome/116.0.0.0 Mobile Safari/537.36" "76.70.226.209,4.194.193.179"
cpanel.agorial.com:443 4.194.193.179 - - [21/Dec/2025:11:50:18 +0100] "GET /wp-content/index.php HTTP/1.1" 503 428 "https://www.google.com/" "Mozilla/5.0 (Linux; Android 11; 21081111RG) AppleWebKit/537.36 (KHTML, like Gecko) Chrome/116.0.0.0 Mobile Safari/537.36"
4.194.193.179 - - [21/Dec/2025:11:50:18 +0100] "GET /wp-content/languages/ HTTP/1.1" 503 428 "https://www.yahoo.com/" "Mozilla/5.0 (iPhone; CPU iPhone OS 15_7_9 like Mac OS X) AppleWebKit/605.1.15 (KHTML, like Gecko) Version/15.6.5 Mobile/15E148 Safari/604.1" "120.224.80.124,4.194.193.179"
cpanel.agorial.com:443 4.194.193.179 - - [21/Dec/2025:11:50:18 +0100] "GET /wp-content/languages/ HTTP/1.1" 503 428 "https://www.yahoo.com/" "Mozilla/5.0 (iPhone; CPU iPhone OS 15_7_9 like Mac OS X) AppleWebKit/605.1.15 (KHTML, like Gecko) Version/15.6.5 Mobile/15E148 Safari/604.1"
4.194.193.179 - - [21/Dec/2025:11:50:18 +0100] "GET /wp-content/languages/index.php HTTP/1.1" 503 428 "https://www.google.com/" "Mozilla/5.0 (Linux; Android 13; SM-G991U) AppleWebKit/537.36 (KHTML, like Gecko) Chrome/117.0.0.0 Mobile Safari/537.36" "226.170.101.122,4.194.193.179"
cpanel.agorial.com:443 4.194.193.179 - - [21/Dec/2025:11:50:18 +0100] "GET /wp-content/languages/index.php HTTP/1.1" 503 428 "https://www.google.com/" "Mozilla/5.0 (Linux; Android 13; SM-G991U) AppleWebKit/537.36 (KHTML, like Gecko) Chrome/117.0.0.0 Mobile Safari/537.36"
20.89.193.50 - - [21/Dec/2025:11:50:18 +0100] "GET /wp-includes/sitemaps/autoload_classmap.php HTTP/1.1" 200 37417 "https://www.google.de/" "Mozilla/5.0 (Linux; Android 13; SM-S908E) AppleWebKit/537.36 (KHTML, like Gecko) Chrome/116.0.0.0 Mobile Safari/537.36" "118.13.189.172"
cpanel.volzano.com:443 20.89.193.50 - - [21/Dec/2025:11:50:18 +0100] "GET /wp-includes/sitemaps/autoload_classmap.php HTTP/1.1" 200 37417 "https://www.google.de/" "Mozilla/5.0 (Linux; Android 13; SM-S908E) AppleWebKit/537.36 (KHTML, like Gecko) Chrome/116.0.0.0 Mobile Safari/537.36"
4.194.193.179 - - [21/Dec/2025:11:50:18 +0100] "GET /wp-content/plugins/admin.php HTTP/1.1" 503 428 "https://www.google.fr/" "Mozilla/5.0 (Linux; Android 12; 2201116SG) AppleWebKit/537.36 (KHTML, like Gecko) Chrome/116.0.0.0 Mobile Safari/537.36" "34.49.28.2,4.194.193.179"
cpanel.agorial.com:443 4.194.193.179 - - [21/Dec/2025:11:50:18 +0100] "GET /wp-content/plugins/admin.php HTTP/1.1" 503 428 "https://www.google.fr/" "Mozilla/5.0 (Linux; Android 12; 2201116SG) AppleWebKit/537.36 (KHTML, like Gecko) Chrome/116.0.0.0 Mobile Safari/537.36"
20.89.193.50 - - [21/Dec/2025:11:50:18 +0100] "GET /wp-includes/theme-compat HTTP/1.1" 301 162 "https://www.yahoo.com/" "Mozilla/5.0 (Linux; Android 13; SM-G991U) AppleWebKit/537.36 (KHTML, like Gecko) Chrome/117.0.0.0 Mobile Safari/537.36" "235.188.86.22"
cpanel.volzano.com:80 20.89.193.50 - - [21/Dec/2025:11:50:18 +0100] "GET /wp-includes/theme-compat HTTP/1.1" 301 162 "https://www.yahoo.com/" "Mozilla/5.0 (Linux; Android 13; SM-G991U) AppleWebKit/537.36 (KHTML, like Gecko) Chrome/117.0.0.0 Mobile Safari/537.36"
4.194.193.179 - - [21/Dec/2025:11:50:18 +0100] "GET /wp-content/plugins/pwnd/as.php HTTP/1.1" 503 428 "https://www.google.fr/" "Mozilla/5.0 (Linux; Android 11; CPH2251) AppleWebKit/537.36 (KHTML, like Gecko) Chrome/116.0.0.0 Mobile Safari/537.36" "66.200.22.230,4.194.193.179"
cpanel.agorial.com:443 4.194.193.179 - - [21/Dec/2025:11:50:18 +0100] "GET /wp-content/plugins/pwnd/as.php HTTP/1.1" 503 428 "https://www.google.fr/" "Mozilla/5.0 (Linux; Android 11; CPH2251) AppleWebKit/537.36 (KHTML, like Gecko) Chrome/116.0.0.0 Mobile Safari/537.36"
4.194.193.179 - - [21/Dec/2025:11:50:19 +0100] "GET /wp-content/themes/ HTTP/1.1" 503 428 "https://www.bing.com/" "Mozilla/5.0 (Linux; Android 11; CPH2251) AppleWebKit/537.36 (KHTML, like Gecko) Chrome/116.0.0.0 Mobile Safari/537.36" "93.112.88.27,4.194.193.179"
cpanel.agorial.com:443 4.194.193.179 - - [21/Dec/2025:11:50:19 +0100] "GET /wp-content/themes/ HTTP/1.1" 503 428 "https://www.bing.com/" "Mozilla/5.0 (Linux; Android 11; CPH2251) AppleWebKit/537.36 (KHTML, like Gecko) Chrome/116.0.0.0 Mobile Safari/537.36"
4.194.193.179 - - [21/Dec/2025:11:50:19 +0100] "GET /wp-content/themes/about.php HTTP/1.1" 503 428 "https://www.google.co.uk/" "Mozilla/5.0 (Linux; Android 13; SM-G991U) AppleWebKit/537.36 (KHTML, like Gecko) Chrome/117.0.0.0 Mobile Safari/537.36" "181.87.211.230,4.194.193.179"
cpanel.agorial.com:443 4.194.193.179 - - [21/Dec/2025:11:50:19 +0100] "GET /wp-content/themes/about.php HTTP/1.1" 503 428 "https://www.google.co.uk/" "Mozilla/5.0 (Linux; Android 13; SM-G991U) AppleWebKit/537.36 (KHTML, like Gecko) Chrome/117.0.0.0 Mobile Safari/537.36"
4.194.193.179 - - [21/Dec/2025:11:50:19 +0100] "GET /wp-content/themes/admin.php HTTP/1.1" 503 428 "https://www.bing.com/" "Mozilla/5.0 (Linux; Android 13; M2101K6G) AppleWebKit/537.36 (KHTML, like Gecko) Chrome/116.0.0.0 Mobile Safari/537.36" "238.199.5.191,4.194.193.179"
cpanel.agorial.com:443 4.194.193.179 - - [21/Dec/2025:11:50:19 +0100] "GET /wp-content/themes/admin.php HTTP/1.1" 503 428 "https://www.bing.com/" "Mozilla/5.0 (Linux; Android 13; M2101K6G) AppleWebKit/537.36 (KHTML, like Gecko) Chrome/116.0.0.0 Mobile Safari/537.36"
20.89.193.50 - - [21/Dec/2025:11:50:19 +0100] "GET /wp-includes/theme-compat HTTP/1.1" 200 37399 "https://www.yahoo.com/" "Mozilla/5.0 (Linux; Android 13; SM-G991U) AppleWebKit/537.36 (KHTML, like Gecko) Chrome/117.0.0.0 Mobile Safari/537.36" "235.188.86.22"
